3267*v**2 + 35944*v - 44. Give c(11).
33
Let x(w) = -w**3 - 36*w**2 + 1734*w + 61561. Calculate x(-34).
293
Let g(u) = u**2 - 77038*u + 539200. Determine g(7).
-17
Let p(g) = 204*g + 12970. Determine p(-49).
2974
Let n(w) = -9*w**2 - 384*w + 22796. What is n(-76)?
-4
Let p(q) = 1552*q + 51139. Give p(-33).
-77
Let s(b) = -7914*b + 142403. What is s(18)?
-49
Let j(b) = -883*b**2 - 118315*b + 915. Calculate j(-134).
-23
Let t(d) = -d**3 + 104*d**2 - 861*d - 1241. Give t(94).
6185
Let b(r) = 7*r**2 - 1889*r + 16437. Calculate b(9).
3
Let n(r) = -r**3 + 7*r**2 + 706*r + 5829. What is n(-14)?
61
Let q(m) = -21*m**2 - 317*m - 292. Determine q(-6).
854
Let d(y) = -y**2 - 8*y + 23632. What is d(150)?
-68
Let b(o) = 84*o**2 - 2722*o - 4. Give b(33).
1646
Let q(z) = 2*z**3 - 310*z**2 + 324*z - 2521. Determine q(154).
-57
Let w(b) = 7*b**3 - 4746*b**2 + 42150*b - 2004. What is w(669)?
3
Let o(w) = 3*w**2 - 215*w + 2580. Determine o(15).
30
Let p(w) = 3*w**3 - 5*w**2 - 23*w - 148. What is p(-4)?
-328
Let u(y) = y**2 + 1074*y - 616025. Determine u(414).
7
Let m(k) = 55*k**2 - 2894*k - 1051. Calculate m(53).
62
Let f(t) = 2*t**2 + 116*t - 39746. What is f(-175)?
1204
Let v(c) = 4515*c + 686325. Calculate v(-152).
45
Let l(r) = -32*r**2 - 2297*r - 14477. What is l(-7)?
34
Let d(j) = -25*j**2 + 23573*j - 393525. Determine d(17).
-9
Let p(t) = 1060*t - 16083. Calculate p(15).
-183
Let v(z) = z**2 + 685*z + 117083. Give v(-358).
17
Let a(n) = -n**3 - 103*n**2 - 2145*n + 15. What is a(-29)?
-14
Let t(b) = -47*b**2 + 2399*b - 120. What is t(51)?
-18
Let b(v) = -351995*v + 24991649. Give b(71).
4
Let h(o) = -o**2 - 12940*o - 77659. Give h(-6).
-55
Let w(z) = 1403*z - 44986. Determine w(32).
-90
Let w(l) = -685*l + 16434. Calculate w(26).
-1376
Let c(p) = 28*p**3 - 3*p**2 + 8*p + 19. What is c(-2)?
-233
Let k(c) = c**3 - 32*c**2 + 4776*c + 14645. Give k(-3).
2
Let h(l) = -l**3 + 243*l**2 - 2098*l - 2283. Determine h(234).
-411
Let x(w) = -5*w**2 + 459*w - 2898. Determine x(85).
-8
Let p(v) = v**2 + 17021*v + 119092. What is p(-7)?
-6
Let u(f) = -3523067*f + 21138422. Calculate u(6).
20
Let s(m) = -18851*m + 169967. Determine s(9).
308
Let y(c) = 3*c**3 - 638*c**2 + 6072*c + 85. Determine y(10).
5
Let y(k) = 664*k**2 + 5969*k + 10. Give y(-9).
73
Let q(y) = 47185*y + 70494399. Determine q(-1494).
9
Let v(a) = -20*a**3 + 1419*a**2 + 476*a - 28750. What is v(71)?
5
Let v(h) = 208*h - 41550. What is v(194)?
-1198
Let j(n) = 947974*n + 2843941. Give j(-3).
19
Let s(y) = 1128947*y - 6773695. What is s(6)?
-13
Let w(k) = -449*k**2 - 5*k - 2. Determine w(1).
-456
Let c(m) = 4439*m - 46849. What is c(11)?
1980
Let k(v) = -5*v**3 + 241*v**2 + 345*v - 7308. What is k(49)?
-7
Let a(c) = 7765*c + 326129. Calculate a(-42).
-1
Let r(l) = -2*l**3 - 75*l**2 - 96*l - 290. Give r(-36).
-722
Let y(f) = f**3 + 115*f**2 - 341*f - 39228. Determine y(-115).
-13
Let v(h) = -1975*h + 48772. What is v(25)?
-603
Let h(x) = 17*x**2 - 159*x - 37. Give h(0).
-37
Let f(w) = -2016221*w - 32259535. Give f(-16).
1
Let j(p) = 2*p**3 + 192*p**2 + 190*p + 46. What is j(-95)?
46
Let z(s) = -3*s**2 + 49*s - 264. Determine z(11).
-88
Let g(m) = 3136*m - 28183. Give g(9).
41
Let l(h) = -33*h + 2950. Calculate l(83).
211
Let z(p) = -1085*p + 522971. Determine z(482).
1
Let x(u) = -1973*u - 187288. Determine x(-95).
147
Let n(d) = 59*d**2 + 2424*d + 14466. Calculate n(-6).
2046
Let c(r) = -2*r**2 + 18530*r - 976468. What is c(53)?
4
Let i(o) = -85255*o + 1023080. What is i(12)?
20
Let w(c) = 9*c**3 - 692*c**2 - 87*c + 751. Determine w(77).
-19
Let y(d) = -d**3 - 74*d**2 + 95*d + 1485. Calculate y(-75).
-15
Let h(n) = -223*n - 5454. Give h(-29).
1013
Let a(j) = j**3 + 49*j**2 - 86*j + 631. Calculate a(-51).
-185
Let h(u) = -u**2 + 40*u + 7472. Determine h(125).
-3153
Let u(n) = 3332*n - 13212. Calculate u(4).
116
Let t(l) = -107*l**2 - 813*l + 152. Give t(-8).
-192
Let r(q) = q**2 + 215*q + 10593. Determine r(-77).
-33
Let b(n) = -62274*n - 124544. Give b(-2).
4
Let x(y) = y**3 + 711*y**2 + 529*y - 4786. What is x(-3)?
-1
Let w(x) = -1677*x - 1175578. Calculate w(-701).
-1
Let c(p) = p**3 - 24*p**2 - 489*p + 288. Calculate c(37).
-8
Let l(v) = v**3 + 740*v**2 - 36183*v + 1211. Give l(46).
-31
Let b(c) = 49*c**2 - 356*c + 821. Determine b(5).
266
Let y(i) = -14*i**2 - 93*i - 33. Determine y(-7).
-68
Let r(g) = 2*g**2 + 235204*g + 1411152. What is r(-6)?
0
Let m(c) = 191278*c + 573837. What is m(-3)?
3
Let b(y) = -89*y**3 + 404*y**2 + 52*y - 198. Give b(4).
778
Let a(s) = -54*s - 3913. What is a(-30)?
-2293
Let z(d) = -d**3 + 5*d**2 + 19*d - 42. Calculate z(12).
-822
Let a(x) = -459*x**2 + 199661*x + 1735. Calculate a(435).
-5
Let u(c) = c**3 + 40*c**2 - 909*c + 2926. Give u(4).
-6
Let a(j) = 2*j**2 + 260*j + 1168. Determine a(-5).
-82
Let n(p) = 2296*p - 84337. Give n(37).
615
Let z(t) = 5*t**3 - 25*t**2 - 83*t + 23. Determine z(-5).
-812
Let a(z) = -21*z**2 - 983*z + 197. Determine a(-47).
9
Let s(y) = -47*y**2 - 372*y - 164. Give s(-9).
-623
Let n(f) = 23297*f - 1770554. What is n(76)?
18
Let a(q) = -4396*q**2 + 17585*q + 32. What is a(4)?
36
Let m(p) = -32*p**2 + 270*p + 1090. Determine m(-4).
-502
Let a(f) = -f**3 - 122*f**2 - 6292*f + 27168. Calculate a(4).
-16
Let o(f) = -921*f + 3128. Give o(3).
365
Let k(w) = 2*w**3 - 35*w**2 + 46*w + 130. Calculate k(15).
-305
Let l(a) = -3*a**3 + 216*a**2 + 249*a - 2089. Give l(73).
101
Let r(h) = -3*h**2 + 7228*h + 123739. What is r(-17)?
-4
Let s(u) = u**3 + 4649*u**2 - 13956*u + 15. Determine s(3).
15
Let m(l) = -l**2 + 786*l - 30551. What is m(41)?
-6
Let b(r) = 2*r**3 + 124*r**2 + 635*r + 29987. Determine b(-61).
-1306
Let q(u) = 10847*u**2 - 86775*u - 13. Determine q(8).
-5
Let n(d) = -44*d - 1850. Calculate n(-38).
-178
Let d(y) = y**3 + 85*y**2 + 207*y - 3941. What is d(-82)?
-743
Let x(s) = 309*s - 56057. Calculate x(188).
2035
Let i(k) = -250*k + 378. Calculate i(2).
-122
Let x(s) = 517*s + 52014. What is x(-101)?
-203
Let z(l) = -1021*l - 2284. Determine z(-2).
-242
Let a(y) = 4*y**2 - 8018*y + 47971. Determine a(6).
7
Let c(x) = -250*x**3 + 2502*x**2 - 78*x + 558. What is c(10)?
-22
Let x(c) = 66*c**2 - 87*c + 22. What is x(1)?
1
Let i(y) = -26055*y - 390951. Give i(-15).
-126
Let p(w) = 1634*w + 7508. Give p(-2).
4240
Let g(o) = -3024*o**2 + 707618*o - 458. Calculate g(234).
10
Let z(t) = 6*t**3 + 525*t**2 + 7959*t + 183. Give z(-68).
-21
Let t(i) = i**2 + 288*i + 43. Calculate t(0).
43
Let r(y) = -y**3 - 66*y**2 - 100*y - 6768. Calculate r(-66).
-168
Let s(q) = 3284*q + 15872. Calculate s(-5).
-548
Let n(k) = k**3 + 37*k**2 + 292*k - 286. Give n(-26).
-442
Let y(a) = a**3 - 16*a**2 + 16*a + 445. Calculate y(9).
22
Let g(x) = -x**3 - 17*x**2 + 27703*x + 360807. Give g(-13).
-8
Let r(q) = -176265*q - 1762606. Calculate r(-10).
44
Let c(u) = u**2 - 66*u - 248. Calculate c(-4).
32
Let i(b) = 7*b**3 - 70*b**2 + 303*b - 3033. What is i(10)?
-3
Let s(l) = 3174*l - 31666. Determine s(10).
74
Let s(g) = 625*g - 30033. What is s(48)?
-33
Let n(u) = -u**2 - 1024*u - 42195. Calculate n(-43).
-12
Let m(q) = 91*q**2 - 3391*q + 19790. Determine m(30).
-40
Let b(g) = g**2 - 1776*g + 12474. Give b(7).
91
Let m(x) = 3109*x - 46778. Give m(15).
-143
Let r(b) = b**2 - 236*b - 35187. What is r(343)?
1514
Let u(j) = 439*j - 13220. Give u(30).
-50
Let h(z) = 146*z - 525. Determine h(3).
-87
Let y(l) = -2*l**2 + 1323*l + 38596. Calculate y(-28).
-16
Let r(p) = -23221*p + 1021764. What is r(44)?
40
Let x(a) = -21*a**2 + 3584*a + 1107. Calculate x(171).
-90
Let v(w) = 4605*w**2 - 18440*w + 54. What is v(4)?
-26
Let v(w) = -6504*w + 6672. Determine v(1).
168
Let v(o) = -1392*o + 206177. Give v(148).
161
Let t(u) = 34*u**2 + 318*u + 343. Calculate t(-8).
-25
Let m(i) = 7*i**3 - 5*i**2 + 6*i + 51. What is m(-6)?
-1677
Let h(t) = t**3 + 52*t**2 + 73*t + 1858. Calculate h(-51).
736
Let l(y) = -4296*y - 68710. Give l(-16).
26
Let v(x) = 14815*x + 340744. What is v(-23)?
-1
Let w(o) = -4*o**2 + 742*o - 14879. Determine w(23).
71
Let p(d) = 559*d - 24668. Give p(44).
-72
Let q(h) = 12252*h - 1984834. Calculate q(162).
-10
Let k(m) = m**2 + 194*m + 9110. What is k(-114)?
-10
Let y(w) = 29*w**2 - 223*w - 1285. Give y(12).
215
Let c(n) = 393*n**2 + 1981*n + 74. Give c(-5).
-6
Let f(s)